{"id":818,"date":"2020-07-22T16:04:08","date_gmt":"2020-07-22T16:04:08","guid":{"rendered":"https:\/\/actours.com.co\/sitio\/?page_id=818"},"modified":"2024-06-25T09:48:09","modified_gmt":"2024-06-25T14:48:09","slug":"punta-cana","status":"publish","type":"page","link":"https:\/\/actours.com.co\/sitio\/punta-cana\/","title":{"rendered":"Punta Cana, Rep\u00fablica Dominicana"},"content":{"rendered":"\t\t<div data-elementor-type=\"wp-page\" data-elementor-id=\"818\" class=\"elementor elementor-818\">\n\t\t\t\t\t\t<section class=\"elementor-section elementor-top-section elementor-element elementor-element-2d67386b elementor-section-boxed elementor-section-height-default elementor-section-height-default\" data-id=\"2d67386b\" data-element_type=\"section\" data-e-type=\"section\">\n\t\t\t\t\t\t<div class=\"elementor-container elementor-column-gap-default\">\n\t\t\t\t\t<div class=\"elementor-column elementor-col-100 elementor-top-column elementor-element elementor-element-3e0fa50f\" data-id=\"3e0fa50f\" data-element_type=\"column\" data-e-type=\"column\">\n\t\t\t<div class=\"elementor-widget-wrap elementor-element-populated\">\n\t\t\t\t\t\t<div class=\"elementor-element elementor-element-26130fd3 elementor-widget elementor-widget-text-editor\" data-id=\"26130fd3\" data-element_type=\"widget\" data-e-type=\"widget\" data-widget_type=\"text-editor.default\">\n\t\t\t\t<div class=\"elementor-widget-container\">\n\t\t\t\t\t\t\t\t\t<div class=\"wp-block-image\">\n<figure class=\"aligncenter size-full is-resized\"><img fetchpriority=\"high\" decoding=\"async\" width=\"932\" height=\"535\" class=\"wp-image-1165\" style=\"width: 1080px; height: auto;\" src=\"https:\/\/actours.com.co\/sitio\/wp-content\/uploads\/2024\/04\/foto-punta-cana.jpg\" alt=\"\" srcset=\"https:\/\/actours.com.co\/sitio\/wp-content\/uploads\/2024\/04\/foto-punta-cana.jpg 932w, https:\/\/actours.com.co\/sitio\/wp-content\/uploads\/2024\/04\/foto-punta-cana-300x172.jpg 300w, https:\/\/actours.com.co\/sitio\/wp-content\/uploads\/2024\/04\/foto-punta-cana-768x441.jpg 768w, https:\/\/actours.com.co\/sitio\/wp-content\/uploads\/2024\/04\/foto-punta-cana-930x535.jpg 930w\" sizes=\"(max-width: 932px) 100vw, 932px\" \/><\/figure>\n<\/div>\n<figure class=\"wp-block-image aligncenter size-large\">\n<p style=\"text-align: left;\"><span style=\"color: #000000;\">Punta Cana, el extremo m\u00e1s oriental de Rep\u00fablica Dominicana, limita con el mar Caribe y con el oc\u00e9ano Atl\u00e1ntico. Es una regi\u00f3n conocida por sus 32 km de extensi\u00f3n de playas y aguas claras. El \u00e1rea del B\u00e1varo y Punta Cana se combinan para formar lo que se conoce como La Costa del Coco, un \u00e1rea con exclusivos centros tur\u00edsticos con todo incluido. Es popular por sus tirolesas, el windsurf, el kayak y la navegaci\u00f3n.<\/span><\/p>\n<h3 style=\"text-align: left;\"><span style=\"color: #000000;\"><strong>Incluye:<\/strong><\/span><\/h3>\n<ul style=\"text-align: left;\">\n<li><span style=\"color: #000000;\">Tiquete a\u00e9reo ida y regreso.<\/span><\/li>\n<li><span style=\"color: #000000;\">Impuestos.<\/span><\/li>\n<li><span style=\"color: #000000;\">E<\/span><span style=\"color: #000000;\">quipaje seg\u00fan requerimiento.<\/span><\/li>\n<li><span style=\"color: #000000;\">Traslados aeropuerto \u2013 hotel \u2013 aeropuerto.<\/span><\/li>\n<li><span style=\"color: #000000;\">Alojamiento.<\/span><\/li>\n<li><span style=\"color: #000000;\">Desayunos.<\/span><\/li>\n<li><span style=\"color: #000000;\">Almuerzos.<\/span><\/li>\n<li><span style=\"color: #000000;\">Cenas.<\/span><\/li>\n<li><span style=\"color: #000000;\">Snacks.<\/span><\/li>\n<li><span style=\"color: #000000;\">Bar abierto.<\/span><\/li>\n<li><span style=\"color: #000000;\">Asistencia m\u00e9dica<\/span><\/li>\n<\/ul>\n<h3 style=\"text-align: left;\"><span style=\"color: #000000;\"><strong>*No incluye:<\/strong><\/span><\/h3>\n<ul>\n<li style=\"text-align: left;\"><span style=\"color: #000000;\">Gastos no especificados en el plan.<\/span><\/li>\n<li style=\"text-align: left;\"><span style=\"color: #000000;\">Otro tipo de paseos o excursiones.<\/span><\/li>\n<\/ul>\n<\/figure>\n\t\t\t\t\t\t\t\t<\/div>\n\t\t\t\t<\/div>\n\t\t\t\t\t<\/div>\n\t\t<\/div>\n\t\t\t\t\t<\/div>\n\t\t<\/section>\n\t\t\t\t<\/div>\n\t\t","protected":false},"excerpt":{"rendered":"<p>Punta Cana, el extremo m\u00e1s oriental de Rep\u00fablica Dominicana, limita con el mar Caribe y con el oc\u00e9ano Atl\u00e1ntico. Es una regi\u00f3n conocida por sus 32 km de extensi\u00f3n de playas y aguas claras. El \u00e1rea del B\u00e1varo y Punta Cana se combinan para formar lo que se conoce como La Costa del Coco, un&hellip;&nbsp;<a href=\"https:\/\/actours.com.co\/sitio\/punta-cana\/\" rel=\"bookmark\">Leer m\u00e1s &raquo;<span class=\"screen-reader-text\">Punta Cana, Rep\u00fablica Dominicana<\/span><\/a><\/p>\n","protected":false},"author":1,"featured_media":0,"parent":0,"menu_order":0,"comment_status":"closed","ping_status":"closed","template":"","meta":{"neve_meta_sidebar":"","neve_meta_container":"","neve_meta_enable_content_width":"off","neve_meta_content_width":100,"neve_meta_title_alignment":"","neve_meta_author_avatar":"","neve_post_elements_order":"","neve_meta_disable_header":"","neve_meta_disable_footer":"","neve_meta_disable_title":"","_themeisle_gutenberg_block_has_review":false,"_joinchat":[],"footnotes":""},"class_list":["post-818","page","type-page","status-publish","hentry"],"_links":{"self":[{"href":"https:\/\/actours.com.co\/sitio\/wp-json\/wp\/v2\/pages\/818","targetHints":{"allow":["GET"]}}],"collection":[{"href":"https:\/\/actours.com.co\/sitio\/wp-json\/wp\/v2\/pages"}],"about":[{"href":"https:\/\/actours.com.co\/sitio\/wp-json\/wp\/v2\/types\/page"}],"author":[{"embeddable":true,"href":"https:\/\/actours.com.co\/sitio\/wp-json\/wp\/v2\/users\/1"}],"replies":[{"embeddable":true,"href":"https:\/\/actours.com.co\/sitio\/wp-json\/wp\/v2\/comments?post=818"}],"version-history":[{"count":7,"href":"https:\/\/actours.com.co\/sitio\/wp-json\/wp\/v2\/pages\/818\/revisions"}],"predecessor-version":[{"id":1528,"href":"https:\/\/actours.com.co\/sitio\/wp-json\/wp\/v2\/pages\/818\/revisions\/1528"}],"wp:attachment":[{"href":"https:\/\/actours.com.co\/sitio\/wp-json\/wp\/v2\/media?parent=818"}],"curies":[{"name":"wp","href":"https:\/\/api.w.org\/{rel}","templated":true}]}}