{"id":814,"date":"2020-07-22T15:56:45","date_gmt":"2020-07-22T15:56:45","guid":{"rendered":"https:\/\/actours.com.co\/sitio\/?page_id=814"},"modified":"2024-06-25T09:30:13","modified_gmt":"2024-06-25T14:30:13","slug":"cancun","status":"publish","type":"page","link":"https:\/\/actours.com.co\/sitio\/cancun\/","title":{"rendered":"Canc\u00fan, M\u00e9xico"},"content":{"rendered":"\t\t<div data-elementor-type=\"wp-page\" data-elementor-id=\"814\" class=\"elementor elementor-814\">\n\t\t\t\t\t\t<section class=\"elementor-section elementor-top-section elementor-element elementor-element-19d5a8f4 elementor-section-boxed elementor-section-height-default elementor-section-height-default\" data-id=\"19d5a8f4\" data-element_type=\"section\" data-e-type=\"section\">\n\t\t\t\t\t\t<div class=\"elementor-container elementor-column-gap-default\">\n\t\t\t\t\t<div class=\"elementor-column elementor-col-100 elementor-top-column elementor-element elementor-element-25f3cb26\" data-id=\"25f3cb26\" data-element_type=\"column\" data-e-type=\"column\">\n\t\t\t<div class=\"elementor-widget-wrap elementor-element-populated\">\n\t\t\t\t\t\t<div class=\"elementor-element elementor-element-7aafc5a6 elementor-widget elementor-widget-text-editor\" data-id=\"7aafc5a6\" data-element_type=\"widget\" data-e-type=\"widget\" data-widget_type=\"text-editor.default\">\n\t\t\t\t<div class=\"elementor-widget-container\">\n\t\t\t\t\t\t\t\t\t<div class=\"wp-block-image\">\n<figure class=\"aligncenter size-large is-resized\"><img fetchpriority=\"high\" decoding=\"async\" width=\"1024\" height=\"683\" class=\"wp-image-1159\" style=\"width: 1084px; height: auto;\" src=\"https:\/\/actours.com.co\/sitio\/wp-content\/uploads\/2024\/04\/foto-cancun-1024x683.jpg\" alt=\"\" srcset=\"https:\/\/actours.com.co\/sitio\/wp-content\/uploads\/2024\/04\/foto-cancun-1024x683.jpg 1024w, https:\/\/actours.com.co\/sitio\/wp-content\/uploads\/2024\/04\/foto-cancun-300x200.jpg 300w, https:\/\/actours.com.co\/sitio\/wp-content\/uploads\/2024\/04\/foto-cancun-768x512.jpg 768w, https:\/\/actours.com.co\/sitio\/wp-content\/uploads\/2024\/04\/foto-cancun-930x620.jpg 930w, https:\/\/actours.com.co\/sitio\/wp-content\/uploads\/2024\/04\/foto-cancun.jpg 1200w\" sizes=\"(max-width: 1024px) 100vw, 1024px\" \/><\/figure>\n<\/div>\n<p><span style=\"color: #000000;\">Canc\u00fan es una ciudad de M\u00e9xico ubicada en la pen\u00ednsula de Yucat\u00e1n que limita con el mar Caribe y que es conocida por sus playas, los numerosos centros tur\u00edsticos y la vida nocturna. Se compone de 2 \u00e1reas distintas: el \u00e1rea del centro m\u00e1s tradicional y la Zona Hotelera, la franja costera con hoteles altos, clubes nocturnos, tiendas y restaurantes.<\/span><\/p>\n<h3 class=\"wp-block-heading\"><span style=\"color: #000000;\"><strong>Incluye:<\/strong><\/span><\/h3>\n<ul>\n<li><span style=\"color: #000000;\">Tiquete a\u00e9reo ida y regreso.<\/span><\/li>\n<li><span style=\"color: #000000;\">Impuestos.<\/span><\/li>\n<li><span style=\"color: #000000;\">Equipaje seg\u00fan requerimiento.<\/span><\/li>\n<li><span style=\"color: #000000;\">Traslados aeropuerto \u2013 hotel \u2013 aeropuerto.<\/span><\/li>\n<li><span style=\"color: #000000;\">Alojamiento.<\/span><\/li>\n<li><span style=\"color: #000000;\">Desayunos.<\/span><\/li>\n<li><span style=\"color: #000000;\">Almuerzos.<\/span><\/li>\n<li><span style=\"color: #000000;\">Cenas.<\/span><\/li>\n<li><span style=\"color: #000000;\">Snacks.<\/span><\/li>\n<li><span style=\"color: #000000;\">Bar abierto.<\/span><\/li>\n<li><span style=\"color: #000000;\">Asistencia m\u00e9dica.<\/span><\/li>\n<\/ul>\n<h3><span style=\"color: #000000;\"><strong>*No incluye:<\/strong><\/span><\/h3>\n<ul>\n<li><span style=\"color: #000000;\">Gastos no especificados en el plan.<\/span><\/li>\n<li><span style=\"color: #000000;\">Otro tipo de paseos o excursiones.<\/span><\/li>\n<\/ul>\n\t\t\t\t\t\t\t\t<\/div>\n\t\t\t\t<\/div>\n\t\t\t\t\t<\/div>\n\t\t<\/div>\n\t\t\t\t\t<\/div>\n\t\t<\/section>\n\t\t\t\t<\/div>\n\t\t","protected":false},"excerpt":{"rendered":"<p>Canc\u00fan es una ciudad de M\u00e9xico ubicada en la pen\u00ednsula de Yucat\u00e1n que limita con el mar Caribe y que es conocida por sus playas, los numerosos centros tur\u00edsticos y la vida nocturna. Se compone de 2 \u00e1reas distintas: el \u00e1rea del centro m\u00e1s tradicional y la Zona Hotelera, la franja costera con hoteles altos,&hellip;&nbsp;<a href=\"https:\/\/actours.com.co\/sitio\/cancun\/\" rel=\"bookmark\">Leer m\u00e1s &raquo;<span class=\"screen-reader-text\">Canc\u00fan, M\u00e9xico<\/span><\/a><\/p>\n","protected":false},"author":1,"featured_media":0,"parent":0,"menu_order":0,"comment_status":"closed","ping_status":"closed","template":"","meta":{"neve_meta_sidebar":"","neve_meta_container":"","neve_meta_enable_content_width":"off","neve_meta_content_width":100,"neve_meta_title_alignment":"","neve_meta_author_avatar":"","neve_post_elements_order":"","neve_meta_disable_header":"","neve_meta_disable_footer":"","neve_meta_disable_title":"","_themeisle_gutenberg_block_has_review":false,"_joinchat":[],"footnotes":""},"class_list":["post-814","page","type-page","status-publish","hentry"],"_links":{"self":[{"href":"https:\/\/actours.com.co\/sitio\/wp-json\/wp\/v2\/pages\/814","targetHints":{"allow":["GET"]}}],"collection":[{"href":"https:\/\/actours.com.co\/sitio\/wp-json\/wp\/v2\/pages"}],"about":[{"href":"https:\/\/actours.com.co\/sitio\/wp-json\/wp\/v2\/types\/page"}],"author":[{"embeddable":true,"href":"https:\/\/actours.com.co\/sitio\/wp-json\/wp\/v2\/users\/1"}],"replies":[{"embeddable":true,"href":"https:\/\/actours.com.co\/sitio\/wp-json\/wp\/v2\/comments?post=814"}],"version-history":[{"count":6,"href":"https:\/\/actours.com.co\/sitio\/wp-json\/wp\/v2\/pages\/814\/revisions"}],"predecessor-version":[{"id":1515,"href":"https:\/\/actours.com.co\/sitio\/wp-json\/wp\/v2\/pages\/814\/revisions\/1515"}],"wp:attachment":[{"href":"https:\/\/actours.com.co\/sitio\/wp-json\/wp\/v2\/media?parent=814"}],"curies":[{"name":"wp","href":"https:\/\/api.w.org\/{rel}","templated":true}]}}