{"id":807,"date":"2020-07-22T15:39:45","date_gmt":"2020-07-22T15:39:45","guid":{"rendered":"https:\/\/actours.com.co\/sitio\/?page_id=807"},"modified":"2020-07-23T18:12:48","modified_gmt":"2020-07-23T18:12:48","slug":"tarjeta-youth-international-youth-travel-card","status":"publish","type":"page","link":"https:\/\/actours.com.co\/sitio\/tarjeta-youth-international-youth-travel-card\/","title":{"rendered":"Tarjeta YOUTH (International Youth Travel Card)"},"content":{"rendered":"\n<div class=\"wp-block-image\"><figure class=\"aligncenter size-large\"><img decoding=\"async\" width=\"213\" height=\"135\" src=\"https:\/\/actours.com.co\/sitio\/wp-content\/uploads\/2020\/07\/Tarjeta_YOUTH__I_55b7e7a1dfcd8_260x135-1.jpg\" alt=\"\" class=\"wp-image-800\"\/><\/figure><\/div>\n\n\n\n<p>Si concluiste el colegio o la universidad, o estas en receso y tienes entre 12 y 26 a\u00f1os; te encanta viajar en Colombia y en el Mundo. Tu tarjeta es YOUTH, la cual te permitir\u00e1 acceder a m\u00e1s de 40,000 beneficios.<\/p>\n\n\n\n<p>Para obtener tu credencial solo necesitas:<\/p>\n\n\n\n<ul class=\"wp-block-list\"><li>Copia de alg\u00fan documento de identidad que pruebe tu edad.<\/li><li>Una fotograf\u00eda tama\u00f1o documento (3\u00d74 cent\u00edmetros) a color.<\/li><li>Diligenciar el formulario YOUTH.<\/li><\/ul>\n","protected":false},"excerpt":{"rendered":"<p>Si concluiste el colegio o la universidad, o estas en receso y tienes entre 12 y 26 a\u00f1os; te encanta viajar en Colombia y en el Mundo. Tu tarjeta es YOUTH, la cual te permitir\u00e1 acceder a m\u00e1s de 40,000 beneficios. Para obtener tu credencial solo necesitas: Copia de alg\u00fan documento de identidad que pruebe&hellip;&nbsp;<a href=\"https:\/\/actours.com.co\/sitio\/tarjeta-youth-international-youth-travel-card\/\" rel=\"bookmark\">Leer m\u00e1s &raquo;<span class=\"screen-reader-text\">Tarjeta YOUTH (International Youth Travel Card)<\/span><\/a><\/p>\n","protected":false},"author":1,"featured_media":0,"parent":0,"menu_order":0,"comment_status":"closed","ping_status":"closed","template":"","meta":{"neve_meta_sidebar":"","neve_meta_container":"","neve_meta_enable_content_width":"off","neve_meta_content_width":100,"neve_meta_title_alignment":"","neve_meta_author_avatar":"","neve_post_elements_order":"","neve_meta_disable_header":"","neve_meta_disable_footer":"","neve_meta_disable_title":"","_themeisle_gutenberg_block_has_review":false,"_joinchat":[],"footnotes":""},"class_list":["post-807","page","type-page","status-publish","hentry"],"_links":{"self":[{"href":"https:\/\/actours.com.co\/sitio\/wp-json\/wp\/v2\/pages\/807","targetHints":{"allow":["GET"]}}],"collection":[{"href":"https:\/\/actours.com.co\/sitio\/wp-json\/wp\/v2\/pages"}],"about":[{"href":"https:\/\/actours.com.co\/sitio\/wp-json\/wp\/v2\/types\/page"}],"author":[{"embeddable":true,"href":"https:\/\/actours.com.co\/sitio\/wp-json\/wp\/v2\/users\/1"}],"replies":[{"embeddable":true,"href":"https:\/\/actours.com.co\/sitio\/wp-json\/wp\/v2\/comments?post=807"}],"version-history":[{"count":1,"href":"https:\/\/actours.com.co\/sitio\/wp-json\/wp\/v2\/pages\/807\/revisions"}],"predecessor-version":[{"id":809,"href":"https:\/\/actours.com.co\/sitio\/wp-json\/wp\/v2\/pages\/807\/revisions\/809"}],"wp:attachment":[{"href":"https:\/\/actours.com.co\/sitio\/wp-json\/wp\/v2\/media?parent=807"}],"curies":[{"name":"wp","href":"https:\/\/api.w.org\/{rel}","templated":true}]}}