{"id":775,"date":"2020-07-22T05:56:17","date_gmt":"2020-07-22T05:56:17","guid":{"rendered":"https:\/\/actours.com.co\/sitio\/?page_id=775"},"modified":"2024-07-02T15:53:22","modified_gmt":"2024-07-02T20:53:22","slug":"comunicacion-exoneracion-de-responsabilidad-para-la-asistencia-al-viajero","status":"publish","type":"page","link":"https:\/\/actours.com.co\/sitio\/comunicacion-exoneracion-de-responsabilidad-para-la-asistencia-al-viajero\/","title":{"rendered":"Comunicaci\u00f3n exoneraci\u00f3n de responsabilidad para la asistencia al viajero"},"content":{"rendered":"\n<div id=\"wp-block-themeisle-blocks-advanced-columns-12bc6b68\" class=\"wp-block-themeisle-blocks-advanced-columns has-1-columns has-desktop-equal-layout has-tablet-equal-layout has-mobile-equal-layout has-vertical-unset has-default-gap\"><div class=\"wp-block-themeisle-blocks-advanced-columns-overlay\"><\/div><div class=\"innerblocks-wrap\">\n<div id=\"wp-block-themeisle-blocks-advanced-column-8425dd09\" class=\"wp-block-themeisle-blocks-advanced-column\">\n<p>Respetado cliente,<\/p>\n\n\n\n<p>Nuestro personal de Ventas, est\u00e1 en la obligaci\u00f3n de darle toda la asesor\u00eda necesaria para que su viaje sea lo m\u00e1s placentero posible y que ning\u00fan evento imprevisto afecte la continuidad del mismo. Es importante que usted viaje seguro y sobre todo que sepa a quien acudir en caso de necesitar asistencia integral, sea esta legal, m\u00e9dica, traslado de un familiar, p\u00e9rdida de equipaje, entre otros.<\/p>\n\n\n\n<p>Nuestros Asesores pueden especificar las implicaciones de una eventualidad de este tipo en el exterior.<\/p>\n\n\n\n<p>A partir de lo expuesto anteriormente, le hemos ofrecido todo el apoyo y la confianza que da viajar con una tarjeta de asistencia integral al viajero, que le permitir\u00e1 acceder a una atenci\u00f3n las 24 horas del d\u00eda, durante los 365 d\u00edas del a\u00f1o, con una sola llamada a la central de asistencias m\u00e1s cercana.<\/p>\n\n\n\n<p>En caso de que el pasajero no tome la asistencia dejamos constancia que durante este viaje La agencia de viajes\u00a0<strong>Actours SAS.<\/strong> queda eximida de parte del pasajero de toda responsabilidad por localizaci\u00f3n e indemnizaci\u00f3n a causa de p\u00e9rdida de equipaje, asistencia m\u00e9dica, medicamentos, ex\u00e1menes de laboratorio, radiograf\u00edas, hospitalizaci\u00f3n, cirug\u00eda, traslados en caso de emergencia por enfermedad o accidente, repatriaci\u00f3n sanitaria en cuidados intensivos, atenci\u00f3n odontol\u00f3gica de emergencia, traslado de un familiar en caso de ser necesario, pago de diferencia de tarifa a\u00e9rea por incapacidad m\u00e9dica o fallecimiento de un familiar, asistencia en caso de p\u00e9rdida de pasajes o documentos y todo lo que pueda amparar la tarjeta de asistencia, siendo de su entera responsabilidad y cargo, viajar sin los mencionados amparos asumiendo personalmente y en su totalidad los riesgos y costos que se puedan ocasionar en el viaje, al no adquirir dicho producto.<\/p>\n<\/div>\n<\/div><\/div>\n","protected":false},"excerpt":{"rendered":"","protected":false},"author":1,"featured_media":0,"parent":0,"menu_order":0,"comment_status":"closed","ping_status":"closed","template":"","meta":{"neve_meta_sidebar":"","neve_meta_container":"","neve_meta_enable_content_width":"off","neve_meta_content_width":100,"neve_meta_title_alignment":"","neve_meta_author_avatar":"","neve_post_elements_order":"","neve_meta_disable_header":"","neve_meta_disable_footer":"","neve_meta_disable_title":"","_themeisle_gutenberg_block_has_review":false,"_joinchat":[],"footnotes":""},"class_list":["post-775","page","type-page","status-publish","hentry"],"_links":{"self":[{"href":"https:\/\/actours.com.co\/sitio\/wp-json\/wp\/v2\/pages\/775","targetHints":{"allow":["GET"]}}],"collection":[{"href":"https:\/\/actours.com.co\/sitio\/wp-json\/wp\/v2\/pages"}],"about":[{"href":"https:\/\/actours.com.co\/sitio\/wp-json\/wp\/v2\/types\/page"}],"author":[{"embeddable":true,"href":"https:\/\/actours.com.co\/sitio\/wp-json\/wp\/v2\/users\/1"}],"replies":[{"embeddable":true,"href":"https:\/\/actours.com.co\/sitio\/wp-json\/wp\/v2\/comments?post=775"}],"version-history":[{"count":2,"href":"https:\/\/actours.com.co\/sitio\/wp-json\/wp\/v2\/pages\/775\/revisions"}],"predecessor-version":[{"id":1605,"href":"https:\/\/actours.com.co\/sitio\/wp-json\/wp\/v2\/pages\/775\/revisions\/1605"}],"wp:attachment":[{"href":"https:\/\/actours.com.co\/sitio\/wp-json\/wp\/v2\/media?parent=775"}],"curies":[{"name":"wp","href":"https:\/\/api.w.org\/{rel}","templated":true}]}}