{"id":1329,"date":"2024-06-13T09:06:48","date_gmt":"2024-06-13T14:06:48","guid":{"rendered":"https:\/\/actours.com.co\/sitio\/?page_id=1329"},"modified":"2025-11-21T15:56:37","modified_gmt":"2025-11-21T20:56:37","slug":"politica-de-tratamiento-de-datos-personales","status":"publish","type":"page","link":"https:\/\/actours.com.co\/sitio\/politica-de-tratamiento-de-datos-personales\/","title":{"rendered":"Pol\u00edtica de Tratamiento de Datos Personales"},"content":{"rendered":"\t\t<div data-elementor-type=\"wp-page\" data-elementor-id=\"1329\" class=\"elementor elementor-1329\">\n\t\t\t\t\t\t<section class=\"elementor-section elementor-top-section elementor-element elementor-element-37f304af elementor-section-boxed elementor-section-height-default elementor-section-height-default\" data-id=\"37f304af\" data-element_type=\"section\" data-e-type=\"section\">\n\t\t\t\t\t\t<div class=\"elementor-container elementor-column-gap-default\">\n\t\t\t\t\t<div class=\"elementor-column elementor-col-100 elementor-top-column elementor-element elementor-element-1f3025e6\" data-id=\"1f3025e6\" data-element_type=\"column\" data-e-type=\"column\">\n\t\t\t<div class=\"elementor-widget-wrap elementor-element-populated\">\n\t\t\t\t\t\t<div class=\"elementor-element elementor-element-63351359 elementor-widget elementor-widget-text-editor\" data-id=\"63351359\" data-element_type=\"widget\" data-e-type=\"widget\" data-widget_type=\"text-editor.default\">\n\t\t\t\t<div class=\"elementor-widget-container\">\n\t\t\t\t\t\t\t\t\t\n<p><span style=\"color: #000000;\">La presente pol\u00edtica se define de conformidad con la entrada en vigencia de la Ley Estatutaria 1581 de 2012 la cual tiene por objeto dictar las disposiciones generales para la protecci\u00f3n de datos personales y desarrollar el derecho constitucional que tienen todas las personas a conocer, actualizar y rectificar las informaciones que se hayan recogido sobre ellas en bases de datos o archivos as\u00ed como el derecho a la informaci\u00f3n; por tanto, AGENCIA DE VIAJES ACTOURS SAS , teniendo en cuenta su condici\u00f3n de responsable del tratamiento de datos de car\u00e1cter personal que le asiste, se permite formular el presente texto en aras de dar efectivo cumplimiento a dicha normatividad y en especial para la atenci\u00f3n de consultas y reclamos acerca del tratamiento de los datos de car\u00e1cter personal<\/span><br \/><span style=\"color: #000000;\">que recoja y maneje AGENCIA DE VIAJES ACTOURS SAS. El derecho al H\u00c1BEAS DATA es aquel que tiene toda persona de conocer, actualizar y rectificar la informaci\u00f3n que se haya recogido sobre ella en archivos y bancos de datos de naturaleza p\u00fablica o privada y le garantiza a todos los ciudadanos poder de decisi\u00f3n y control sobre su informaci\u00f3n personal. Por tanto, AGENCIA DE VIAJES ACTOURS SAS., acoge tales disposiciones teniendo en cuenta que para el desarrollo de su objeto social, continuamente est\u00e1 recopilando y efectuando diversos tratamientos a bases de datos tanto de clientes, accionistas, proveedores, aliados comerciales y empleados. <span style=\"text-decoration: underline; color: #00ccff;\"><a style=\"color: #00ccff;\" href=\"https:\/\/actours.com.co\/sitio\/wp-content\/uploads\/2024\/06\/Politica-de-privacidad.pdf\">Click aqu\u00ed para ver la pol\u00edtica completa<\/a>.<\/span><\/span><\/p>\n<p><a href=\"https:\/\/actours.com.co\/sitio\/wp-content\/uploads\/2025\/11\/FORMATO-AUTORIZACION-DE-TRATAMIENTO-DE-DATOS.pdf\">Formato de tratamiento de datos<\/a><\/p>\n<p>\u00a0<\/p>\n\t\t\t\t\t\t\t\t<\/div>\n\t\t\t\t<\/div>\n\t\t\t\t\t<\/div>\n\t\t<\/div>\n\t\t\t\t\t<\/div>\n\t\t<\/section>\n\t\t\t\t<\/div>\n\t\t","protected":false},"excerpt":{"rendered":"<p>La presente pol\u00edtica se define de conformidad con la entrada en vigencia de la Ley Estatutaria 1581 de 2012 la cual tiene por objeto dictar las disposiciones generales para la protecci\u00f3n de datos personales y desarrollar el derecho constitucional que tienen todas las personas a conocer, actualizar y rectificar las informaciones que se hayan recogido&hellip;&nbsp;<a href=\"https:\/\/actours.com.co\/sitio\/politica-de-tratamiento-de-datos-personales\/\" rel=\"bookmark\">Leer m\u00e1s &raquo;<span class=\"screen-reader-text\">Pol\u00edtica de Tratamiento de Datos Personales<\/span><\/a><\/p>\n","protected":false},"author":4,"featured_media":0,"parent":0,"menu_order":0,"comment_status":"closed","ping_status":"closed","template":"","meta":{"neve_meta_sidebar":"","neve_meta_container":"","neve_meta_enable_content_width":"","neve_meta_content_width":0,"neve_meta_title_alignment":"","neve_meta_author_avatar":"","neve_post_elements_order":"","neve_meta_disable_header":"","neve_meta_disable_footer":"","neve_meta_disable_title":"","_themeisle_gutenberg_block_has_review":false,"_joinchat":[],"footnotes":""},"class_list":["post-1329","page","type-page","status-publish","hentry"],"_links":{"self":[{"href":"https:\/\/actours.com.co\/sitio\/wp-json\/wp\/v2\/pages\/1329","targetHints":{"allow":["GET"]}}],"collection":[{"href":"https:\/\/actours.com.co\/sitio\/wp-json\/wp\/v2\/pages"}],"about":[{"href":"https:\/\/actours.com.co\/sitio\/wp-json\/wp\/v2\/types\/page"}],"author":[{"embeddable":true,"href":"https:\/\/actours.com.co\/sitio\/wp-json\/wp\/v2\/users\/4"}],"replies":[{"embeddable":true,"href":"https:\/\/actours.com.co\/sitio\/wp-json\/wp\/v2\/comments?post=1329"}],"version-history":[{"count":8,"href":"https:\/\/actours.com.co\/sitio\/wp-json\/wp\/v2\/pages\/1329\/revisions"}],"predecessor-version":[{"id":1677,"href":"https:\/\/actours.com.co\/sitio\/wp-json\/wp\/v2\/pages\/1329\/revisions\/1677"}],"wp:attachment":[{"href":"https:\/\/actours.com.co\/sitio\/wp-json\/wp\/v2\/media?parent=1329"}],"curies":[{"name":"wp","href":"https:\/\/api.w.org\/{rel}","templated":true}]}}