{"id":1195,"date":"2024-04-23T11:33:53","date_gmt":"2024-04-23T16:33:53","guid":{"rendered":"https:\/\/actours.com.co\/sitio\/?page_id=1195"},"modified":"2025-10-23T14:39:03","modified_gmt":"2025-10-23T19:39:03","slug":"asistencia-y-asesoria","status":"publish","type":"page","link":"https:\/\/actours.com.co\/sitio\/asistencia-y-asesoria\/","title":{"rendered":"ASISTENCIA Y ASESOR\u00cdA"},"content":{"rendered":"\t\t<div data-elementor-type=\"wp-page\" data-elementor-id=\"1195\" class=\"elementor elementor-1195\">\n\t\t\t\t\t\t<section class=\"elementor-section elementor-top-section elementor-element elementor-element-3f66f82a elementor-section-boxed elementor-section-height-default elementor-section-height-default\" data-id=\"3f66f82a\" data-element_type=\"section\" data-e-type=\"section\">\n\t\t\t\t\t\t<div class=\"elementor-container elementor-column-gap-default\">\n\t\t\t\t\t<div class=\"elementor-column elementor-col-100 elementor-top-column elementor-element elementor-element-25595482\" data-id=\"25595482\" data-element_type=\"column\" data-e-type=\"column\">\n\t\t\t<div class=\"elementor-widget-wrap elementor-element-populated\">\n\t\t\t\t\t\t<div class=\"elementor-element elementor-element-e7f588d elementor-widget elementor-widget-text-editor\" data-id=\"e7f588d\" data-element_type=\"widget\" data-e-type=\"widget\" data-widget_type=\"text-editor.default\">\n\t\t\t\t<div class=\"elementor-widget-container\">\n\t\t\t\t\t\t\t\t\t\n<p><span style=\"color: #000000;\">Te asesoramos y realizamos los requerimientos de documentaci\u00f3n de manera personalizada, los cuales aplican seg\u00fan tu nacionalidad, origen \u2013 destino y calidad de pasajero a nivel mundial, recuerda que cada pa\u00eds es un mundo diferente por descubrir.<\/span><\/p>\n<p><span style=\"color: #000000;\"><\/span><\/p>\n<p><span style=\"color: #000000;\">Dentro de nuestros servicios est\u00e1n:<\/span><\/p>\n<p><span style=\"color: #000000;\"><\/span><\/p>\n<p><span style=\"color: #000000;\">&#8211; Visas de Tr\u00e1nsito<\/span><\/p>\n<p><span style=\"color: #000000;\"><\/span><\/p>\n<p><span style=\"color: #000000;\">&#8211; Visas de Turismo<\/span><\/p>\n<p><span style=\"color: #000000;\"><\/span><\/p>\n<p><span style=\"color: #000000;\">&#8211; Visas de Estudiantes<\/span><\/p>\n<p><span style=\"color: #000000;\"><\/span><\/p>\n<p><span style=\"color: #000000;\">&#8211; QR Migratorio<\/span><\/p>\n<p><span style=\"color: #000000;\"><\/span><\/p>\n<p><span style=\"color: #000000;\">&#8211; Reagrupaci\u00f3n Familiar<\/span><\/p>\n<p><span style=\"color: #000000;\"><\/span><\/p>\n<p><span style=\"color: #000000;\">-Vacunaci\u00f3n<\/span><\/p>\n<p><span style=\"color: #000000;\"><\/span><\/p>\n<p><span style=\"color: #000000;\">-Formulario Seguimiento de Contacto de Pasajeros (Estados unidos)<\/span><\/p>\n<p><span style=\"color: #000000;\"><\/span><\/p>\n<p>\u00a0<\/p>\n<p><span style=\"color: #000000;\"><\/span><\/p>\n<p><span style=\"color: #000000;\">Porque todos quieren viajar\u2026 sabemos que los adultos mayores, ni\u00f1os y mascotas hacen parte muy importante de tu viaje, para ellos tambi\u00e9n se requiere documentaci\u00f3n especial y la mejor asesor\u00eda como:<\/span><\/p>\n<p><span style=\"color: #000000;\"><\/span><\/p>\n<ul class=\"wp-block-list\">\n<li><span style=\"color: #000000;\">Permisos de salida del pa\u00eds.<\/span><\/li>\n<li><span style=\"color: #000000;\">Registro civil de nacimiento.<\/span><\/li>\n<li><span style=\"color: #000000;\">Menores recomendados.<\/span><\/li>\n<li><span style=\"color: #000000;\">Servicio de cuna para vuelos largos (seg\u00fan disponibilidad).<\/span><\/li>\n<li><span style=\"color: #000000;\">Permisos de las autoridades sanitarias y agropecuarias para el transporte de mascotas.<\/span><\/li>\n<li><span style=\"color: #000000;\">Perros de servicio y soporte emocional.<\/span><\/li>\n\n<li><span style=\"color: #000000;\">Silla de ruedas en cualquier aeropuerto del mundo.<\/span><\/li>\n<\/ul>\n\t\t\t\t\t\t\t\t<\/div>\n\t\t\t\t<\/div>\n\t\t\t\t\t<\/div>\n\t\t<\/div>\n\t\t\t\t\t<\/div>\n\t\t<\/section>\n\t\t\t\t<\/div>\n\t\t","protected":false},"excerpt":{"rendered":"<p>Te asesoramos y realizamos los requerimientos de documentaci\u00f3n de manera personalizada, los cuales aplican seg\u00fan tu nacionalidad, origen \u2013 destino y calidad de pasajero a nivel mundial, recuerda que cada pa\u00eds es un mundo diferente por descubrir. Dentro de nuestros servicios est\u00e1n: &#8211; Visas de Tr\u00e1nsito &#8211; Visas de Turismo &#8211; Visas de Estudiantes &#8211;&hellip;&nbsp;<a href=\"https:\/\/actours.com.co\/sitio\/asistencia-y-asesoria\/\" rel=\"bookmark\">Leer m\u00e1s &raquo;<span class=\"screen-reader-text\">ASISTENCIA Y ASESOR\u00cdA<\/span><\/a><\/p>\n","protected":false},"author":4,"featured_media":0,"parent":0,"menu_order":0,"comment_status":"closed","ping_status":"closed","template":"","meta":{"neve_meta_sidebar":"","neve_meta_container":"","neve_meta_enable_content_width":"","neve_meta_content_width":0,"neve_meta_title_alignment":"","neve_meta_author_avatar":"","neve_post_elements_order":"","neve_meta_disable_header":"","neve_meta_disable_footer":"","neve_meta_disable_title":"","_themeisle_gutenberg_block_has_review":false,"_joinchat":[],"footnotes":""},"class_list":["post-1195","page","type-page","status-publish","hentry"],"_links":{"self":[{"href":"https:\/\/actours.com.co\/sitio\/wp-json\/wp\/v2\/pages\/1195","targetHints":{"allow":["GET"]}}],"collection":[{"href":"https:\/\/actours.com.co\/sitio\/wp-json\/wp\/v2\/pages"}],"about":[{"href":"https:\/\/actours.com.co\/sitio\/wp-json\/wp\/v2\/types\/page"}],"author":[{"embeddable":true,"href":"https:\/\/actours.com.co\/sitio\/wp-json\/wp\/v2\/users\/4"}],"replies":[{"embeddable":true,"href":"https:\/\/actours.com.co\/sitio\/wp-json\/wp\/v2\/comments?post=1195"}],"version-history":[{"count":6,"href":"https:\/\/actours.com.co\/sitio\/wp-json\/wp\/v2\/pages\/1195\/revisions"}],"predecessor-version":[{"id":1655,"href":"https:\/\/actours.com.co\/sitio\/wp-json\/wp\/v2\/pages\/1195\/revisions\/1655"}],"wp:attachment":[{"href":"https:\/\/actours.com.co\/sitio\/wp-json\/wp\/v2\/media?parent=1195"}],"curies":[{"name":"wp","href":"https:\/\/api.w.org\/{rel}","templated":true}]}}